s of l?
5
Let z be 6/((-2)/2 - -3). Let x be 1/(-1) - -3*1. Suppose -z*d - 2*y = -13 - 24, 0 = x*y + 8. What are the prime factors of d?
3, 5
Suppose 0 = 4*i, 5*x + 2*i - 5 = 4*i. Let l(q) = 4 - 4 - 1 + 35*q**2. List the prime factors of l(x).
2, 17
Let g = -25 - -108. Suppose z + r = -r + 81, r = -z + g. What are the prime factors of z?
5, 17
Suppose -11*u = -7*u. Suppose -3*n + 2*s + 206 = u, 0 = n + n - 4*s - 148. What are the prime factors of n?
2, 3, 11
Let h(m) = 5*m**2 + m + 1. Let c be h(-1). Suppose -5*l - 3*z + 360 = 0, -340 = -c*l - 0*z + z. List the prime factors of l.
3, 23
Let p(w) = 4*w. List the prime factors of p(20).
2, 5
Let t be (-58)/(-6)*(0 - 3). Let w be ((-40)/6)/(((-8)/(-12))/1). Let u = w - t. What are the prime factors of u?
19
Let c(r) = -77*r - 129. List the prime factors of c(-14).
13, 73
Let f(s) = 5*s - 6. Let k = 29 + -13. List the prime factors of f(k).
2, 37
Let k be 2/5 - 64/10. Suppose 0 = -2*t + 5*x - 14, -7*x = -6*x + 2. Let u = k - t. What are the prime factors of u?
2, 3
Suppose 16*f = 5*f + 4950. Let g = f + -280. What are the prime factors of g?
2, 5, 17
Suppose 0 = k + 5*y - 867, -k - 2*y + 863 = 2*y. What are the prime factors of k?
7, 11
Let f(d) = 30*d - 115. What are the prime factors of f(16)?
5, 73
Let j be ((-2)/(-8))/(10/200). Suppose j*n - 6 = 2*a, a = -n - 0*a - 3. What are the prime factors of 1 + 26 + 2 + n?
29
Suppose 365*m + 11424 = 377*m. What are the prime factors of m?
2, 7, 17
Let z = -56 - -236. Let c = z - 128. What are the prime factors of c?
2, 13
Let p = 28 - 23. Suppose 0*q - p = -5*q. What are the prime factors of 4 - (q + (-46)/2)?
2, 13
Let q be ((-45)/25)/(12/(-80)). What are the prime factors of q/(-24)*1*-88?
2, 11
Let j = -56 + 350. Suppose 6*s = j + 672. What are the prime factors of s?
7, 23
Suppose -11*f + 8*f + 380 = -k, -4*f - k = -516. List the prime factors of f.
2
Let w(f) = -f**3 + 5*f**2 + f + 3. Let j be w(5). Let l(h) = 2*h**3 - 2*h**2 + 3*h + 3. Let s be l(3). Suppose j*p = 12*p - s. List the prime factors of p.
2, 3
Suppose -28 = 2*c - 6*c. Let g(s) = s**3 - 7*s**2 + 1. Let n be g(c). List the prime factors of -3*n + 2 + 5.
2
Suppose -q - 9 - 17 = 3*k, -q = 2*k + 28. Let s = q + 19. Let j = 1 - s. List the prime factors of j.
2, 7
Let u = 0 + -1. Suppose -6*g + 5*g + 13 = 0. Let t = u + g. List the prime factors of t.
2, 3
What are the prime factors of (9 + 3259)*(-7)/(-14)?
2, 19, 43
Let p be (0 - (-1 + -1))*7. Let z be (-81)/45 - (0 + 1/5). What are the prime factors of 87*(z + p/6)?
29
Let w(j) = -16*j**3 - 6 + 35*j**3 + 3*j - 17*j**3 - 5*j**2. List the prime factors of w(4).
2, 3
Suppose 3*s - 15 = -0*s. Suppose 116 = s*c - 99. Let z = c + 6. What are the prime factors of z?
7
Suppose 2*s - 6*l + 2*l - 420 = 0, 436 = 2*s + 4*l. Suppose 25 = 5*j, i + s = 5*i - 2*j. What are the prime factors of i?
2, 7
Suppose 0 = 15*z - 20*z + 3*k + 19517, -2*k = -5*z + 19513. List the prime factors of z.
47, 83
Let d be 25/4 - (-6)/(-24). Let l(m) = m - 6. Let o be l(d). Suppose -5*b + 0*r - 3*r = -37, o = 2*b - 3*r - 19. What are the prime factors of b?
2
Let y be 8/12 + 55/3. Let g = -17 + y. List the prime factors of (-140)/(-5) - g/2.
3
Let t = -135 + 616. What are the prime factors of t?
13, 37
Suppose 40*l - 10 = 30*l. What are the prime factors of -1 + 1/l - 464/(-4)?
2, 29
Let t(o) be the first derivative of -o**4/4 - 2*o**3 + 9*o**2/2 - 7*o - 1. Let v be t(-7). Let d = v + 36. List the prime factors of d.
3, 5
Let g = 96 + -84. Let q(f) = f**2 - 14*f + 39. List the prime factors of q(g).
3, 5
Suppose 2*j = 2*s + 10, -3*s + 0*j + j = 7. Let q be (9/9)/(s/1). Let k(i) = 23*i**2 - 1. List the prime factors of k(q).
2, 11
Let q = -297 + 1269. List the prime factors of q.
2, 3
Suppose -13*d + 1360 = -8*d. What are the prime factors of d?
2, 17
List the prime factors of 6936/2 + (9 - (14 - 3)).
2, 1733
Suppose 8946 = 8*z - 4110. List the prime factors of z.
2, 3, 17
Suppose -b + 6 = -c, -2*b = -4*c - 6*b - 24. Let g(d) = -d**3 - 3*d**2 + 7*d + 2. List the prime factors of g(c).
2, 17
Let w = -3355 + 5026. List the prime factors of w.
3, 557
Let s(z) = -z**3 - 15*z**2 + 8*z - 8. Let q be s(-15). Let a = q + 228. What are the prime factors of a?
2, 5
Suppose 1856 = 4*w + 3*s, -2*w + 0*s - 2*s + 928 = 0. Let l = w - 312. List the prime factors of l.
2, 19
Let d be ((-2 - 1) + 2)*(-35 + 9). Suppose -24*w + d*w - 310 = 0. What are the prime factors of w?
5, 31
Let v = 76 - -13. List the prime factors of v.
89
Let d(a) = 8*a - 24 + 80 - 33 + 4*a**2 - 37. What are the prime factors of d(7)?
2, 7, 17
Suppose -5*o - 15 = 0, 0 = 3*g + 4*o - 2*o - 66. List the prime factors of g.
2, 3
Let x = -75 - -78. Suppose -4*l - 2*f = -x*l - 63, 280 = 4*l + f. List the prime factors of l.
71
Suppose 0 = -4*o + 4, -5*s - 4*o = -s - 12. Let c be -4*2/(-4) - -1. Suppose -t + s = k + 1, 2*k + t = c. List the prime factors of k.
2
Suppose -3*m + 2 + 7 = 0. Suppose -8 = 7*i - m*i. What are the prime factors of i/8 + (-77)/(-4)?
19
Let g(u) = u**3 + 4*u**2 - 7*u + 10. Let f be g(-5). Let r(j) = -8*j - 1. Let z be r(1). Let t = z + f. What are the prime factors of t?
11
Suppose 19*q - 44671 = 77195. What are the prime factors of q?
2, 3, 1069
Suppose 3*f - 3 = 9. Suppose 0 = -4*i - f*h - h - 20, 0 = -3*h - 12. Suppose i = 3*y + 1 - 58. What are the prime factors of y?
19
Let b be -2 - (-164 + (-3 - -6)). Suppose 0*r = -3*d - 3*r + b, -5*d + 263 = 3*r. What are the prime factors of d?
2, 13
Let c = -41 + 41. Suppose c = -6*w - 13 + 217. List the prime factors of w.
2, 17
Suppose -289*n - 1119 = -292*n. What are the prime factors of n?
373
Let n = 888 + -415. List the prime factors of n.
11, 43
Let n be 2/8 + 2900/(-80). What are the prime factors of (-1468)/n + 6/27?
41
Let k be (-5)/2*(-7 - -9). Let x(v) = -11*v - 5. What are the prime factors of x(k)?
2, 5
Let s(u) = -104*u - 1. What are the prime factors of s(-2)?
3, 23
Suppose -2*i - 2*i = 52. Let c be (-3 - i)/(5 + -3). Suppose 113 + 22 = c*d. List the prime factors of d.
3
Let l(f) = 14*f**2 - 3*f + 8. Let x be l(3). Suppose -r + 6*r = 3*v - x, -v = 4*r - 19. What are the prime factors of v?
5, 7
Suppose -5*x + k = -3832, -10*k = 3*x - 6*k - 2313. What are the prime factors of x?
13, 59
Let b(r) = r**2 - r + 63. Let x be 2 - (3 + 0 + -1). What are the prime factors of b(x)?
3, 7
Let m be (15/(-30))/((-1)/24). Let t(h) = h**3 - 11*h**2 - 13*h + 14. Let k be t(m). Suppose -2*q - 2*v = -62, 3*v = 5*v + k. What are the prime factors of q?
2
Let f(j) = 11*j**2 + 5*j - 45. What are the prime factors of f(10)?
5, 13, 17
Suppose g - 6*g + p + 4421 = 0, p + 2653 = 3*g. List the prime factors of g.
2, 13, 17
Let s(c) = 52*c - 130. What are the prime factors of s(22)?
2, 3, 13
Suppose -2*t - 3*g + 21 = 0, 4*t - 35 = -0*g + g. Let r be ((-30)/t)/((-4)/6). Suppose 79 = 3*h - n, 3*n + 136 = r*h - 1. List the prime factors of h.
5
Let c = 15 + -17. Let y(l) = 3*l**2 - 2*l - 1. Let w be y(c). Let h(d) = -d**2 + 19*d - 7. List the prime factors of h(w).
53
Let y(x) = -7*x**3 - x**2 - 2*x - 2. Let k be y(-1). Let q be 1/2 - (-2)/4. Let v = k - q. List the prime factors of v.
5
Let r = 24 + -30. Let g = 11 + r. What are the prime factors of g?
5
Let d = 1269 - 799. What are the prime factors of d?
2, 5, 47
Suppose 29*g = 33*g - 780. Suppose -3*o = -p + 3*p - g, -3*o - p = -192. List the prime factors of o.
3, 7
Let m(i) = 31*i - 210. What are the prime factors of m(13)?
193
Let x(j) = -j**3 - 10*j**2 - 2*j - 12. Let s = -20 + -8. Let r = s + 18. What are the prime factors of x(r)?
2
Let k(y) = y**3 + 5*y**2 + 6*y + 4. Let c be k(-4). Let x(j) = -40*j - 10. What are the prime factors of x(c)?
2, 3, 5
Suppose -4*c - 9 = 5*r - 86, -2*r + 23 = -c. Let v(o) = 10*o - 20. What are the prime factors of v(r)?
2, 5, 11
Suppose -8*o = -1263 - 249. What are the prime factors of o?
3, 7
Let k(u) = -6*u**3 + 6*u**2 - 7*u + 31. What are the prime factors of k(-6)?
5, 317
Let l(c) = -c**3 + 7*c**2 + 13*c + 1. Let x = 51 + -43. List the prime factors of l(x).
41
Let y(n) = -n**3 + 8*n**2 + 2. Let o be y(8). Suppose 0 - 70 = -o*w. Suppose 5*l - w = 75. List the prime factors of l.
2, 11
Let c(s) = -3*s + 144. List the prime factors of c(8).
2, 3, 5
Let i(y) = 172*y**2 - 